{"version":"1.0","provider_name":"Marcelo Rebelo de Sousa","provider_url":"https:\/\/ebook.presidencia.pt\/mrs\/1anodepois","author_name":"sotnas","author_url":"https:\/\/ebook.presidencia.pt\/mrs\/1anodepois\/author\/sotnas\/","title":"Interven\u00e7\u00e3o no Semin\u00e1rio \u201cPortugal \u2013 Uma Estrat\u00e9gia para o Crescimento\u201d","type":"rich","width":600,"height":338,"html":"<iframe sandbox=\"allow-scripts\" security=\"restricted\" src=\"https:\/\/ebook.presidencia.pt\/mrs\/1anodepois\/sessao-de-encerramento-do-seminario\/embed\/\" width=\"600\" height=\"338\" title=\"&#8220;Interven\u00e7\u00e3o no Semin\u00e1rio \u201cPortugal \u2013 Uma Estrat\u00e9gia para o Crescimento\u201d&#8221; &#8212; Marcelo Rebelo de Sousa\" frameborder=\"0\" marginwidth=\"0\" marginheight=\"0\" scrolling=\"no\" class=\"wp-embedded-content\"><\/iframe>","thumbnail_url":"https:\/\/ebook.presidencia.pt\/mrs\/1anodepois\/wp-content\/uploads\/2016\/10\/161013-PRMRS-MFL-0920.jpg","thumbnail_width":600,"thumbnail_height":400}

Intervenção no Seminário “Portugal – Uma Estratégia para o Crescimento”

<iframe sandbox="allow-scripts" security="restricted" src="https://ebook.presidencia.pt/mrs/1anodepois/sessao-de-encerramento-do-seminario/embed/" width="600" height="338" title="&#8220;Intervenção no Seminário “Portugal – Uma Estratégia para o Crescimento”&#8221; &#8212; Marcelo Rebelo de Sousa" frameborder="0" marginwidth="0" marginheight="0" scrolling="no" class="wp-embedded-content"></iframe>
